 298523917?
298523917
What are the prime factors of 98285989?
98285989
What are the prime factors of 43827937?
1531, 28627
What are the prime factors of 5364032?
2, 83813
What are the prime factors of 591435553?
19, 521, 59747
What are the prime factors of 696810091?
131, 5319161
List the prime factors of 1049967545.
5, 11, 47, 406177
List the prime factors of 2461834.
2, 31, 59, 673
List the prime factors of 5378252466.
2, 3, 151, 5936261
List the prime factors of 122089869.
3, 11, 17, 24181
List the prime factors of 77259579.
3, 103, 250031
What are the prime factors of 563997083?
13, 17, 19, 7901
List the prime factors of 333595.
5, 137, 487
List the prime factors of 53785050.
2, 3, 5, 11, 37, 881
What are the prime factors of 152234701?
1879, 81019
What are the prime factors of 1472060661?
3, 163, 3010349
What are the prime factors of 107119051?
13, 8239927
List the prime factors of 559151018.
2, 331, 844639
List the prime factors of 203257814.
2, 17, 5978171
What are the prime factors of 3086575924?
2, 4019, 191999
What are the prime factors of 17957298?
2, 3, 223, 13421
What are the prime factors of 602893283?
2423, 248821
What are the prime factors of 441606860?
2, 5, 22080343
What are the prime factors of 1198869754?
2, 97, 6179741
What are the prime factors of 120110766?
2, 3, 67, 509, 587
List the prime factors of 175971291.
3, 58657097
What are the prime factors of 932427966?
2, 3, 1367, 113683
What are the prime factors of 9517342?
2, 61, 181, 431
List the prime factors of 2285360219.
2285360219
What are the prime factors of 98118846?
2, 3, 7, 167, 4663
List the prime factors of 47908020.
2, 3, 5, 31, 43, 599
List the prime factors of 1436485119.
3, 478828373
List the prime factors of 40242768.
2, 3, 838391
List the prime factors of 24596992.
2, 7, 6863
What are the prime factors of 380104445?
5, 7, 17, 137, 4663
List the prime factors of 30262033.
4013, 7541
List the prime factors of 340505416.
2, 61, 697757
What are the prime factors of 2360986394?
2, 13, 41, 103, 21503
List the prime factors of 404834814.
2, 3, 191, 39251
List the prime factors of 228470649.
3, 11, 19, 109, 3343
What are the prime factors of 230383140?
2, 3, 5, 13, 295363
List the prime factors of 842507790.
2, 3, 5, 5023, 5591
What are the prime factors of 324264558?
2, 3, 89, 509, 1193
What are the prime factors of 127554560?
2, 5, 7, 3559
List the prime factors of 42855746.
2, 67, 319819
List the prime factors of 64764593.
64764593
List the prime factors of 1730504693.
1730504693
List the prime factors of 68412010.
2, 5, 179, 38219
What are the prime factors of 310410494?
2, 3163, 49069
List the prime factors of 52158320.
2, 5, 313, 2083
What are the prime factors of 22281231?
3, 7, 151573
List the prime factors of 504558149.
504558149
List the prime factors of 95803261.
109, 878929
What are the prime factors of 691463658?
2, 3, 659, 174877
What are the prime factors of 571584087?
3, 19, 73, 15263
List the prime factors of 25613084.
2, 7, 17, 7687
What are the prime factors of 109732961?
13, 19, 61, 7283
List the prime factors of 2137600338.
2, 3, 356266723
What are the prime factors of 597656772?
2, 3, 61, 83, 1093
List the prime factors of 152438119.
97, 137, 11471
What are the prime factors of 38820212?
2, 29, 379, 883
List the prime factors of 606503656.
2, 11, 281, 24527
What are the prime factors of 10059259?
7, 29, 7079
List the prime factors of 62533355.
5, 31, 439, 919
List the prime factors of 396891131.
7, 13, 89009
List the prime factors of 459325184.
2, 1794239
List the prime factors of 151594764.
2, 3, 12632897
List the prime factors of 57297795.
3, 5, 3819853
What are the prime factors of 94273104?
2, 3, 41, 47903
List the prime factors of 1406164603.
23431, 60013
List the prime factors of 12323397.
3, 4107799
What are the prime factors of 32354048?
2, 47, 2689
List the prime factors of 6435727433.
6435727433
List the prime factors of 1222682595.
3, 5, 81512173
List the prime factors of 357083250.
2, 3, 5, 476111
What are the prime factors of 1874859615?
3, 5, 4629283
What are the prime factors of 358131658?
2, 37, 101, 47917
List the prime factors of 805824206.
2, 11, 36628373
List the prime factors of 553466989.
163, 3395503
List the prime factors of 5973811397.
41, 145702717
List the prime factors of 178763070.
2, 3, 5, 1979, 3011
List the prime factors of 22297874.
2, 1217, 9161
What are the prime factors of 60595418?
2, 13, 37, 62989
List the prime factors of 536316068.
2, 17, 7887001
What are the prime factors of 89692154?
2, 59, 760103
List the prime factors of 3472774136.
2, 13, 863, 38693
What are the prime factors of 109387053?
3, 12154117
List the prime factors of 246108075.
3, 5, 3281441
List the prime factors of 7834624.
2, 7, 1093
What are the prime factors of 245246972?
2, 1613, 38011
What are the prime factors of 803250290?
2, 5, 5521, 14549
What are the prime factors of 4859621590?
2, 5, 149, 3261491
List the prime factors of 3052010766.
2, 3, 7, 211, 49199
What are the prime factors of 350461220?
2, 5, 3593, 4877
List the prime factors of 14413110.
2, 3, 5, 17, 59, 479
What are the prime factors of 2662252508?
2, 41, 16233247
What are the prime factors of 31726976?
2, 311, 797
What are the prime factors of 4903405621?
71, 69062051
What are the prime factors of 2008626?
2, 3, 334771
List the prime factors of 58381264.
2, 17, 37, 5801
List the prime factors of 259988143.
259988143
What are the prime factors of 53942640?
2, 3, 5, 43, 5227
List the prime factors of 6897518423.
89, 107, 773, 937
List the prime factors of 580981080.
2, 3, 5, 61, 139, 571
List the prime factors of 976647087.
3, 13, 1231, 6781
What are the prime factors of 1119788905?
5, 37, 2347, 2579
What are the prime factors of 605102617?
7, 12349033
What are the prime factors of 165091702?
2, 131, 149, 4229
List the prime factors of 35126586.
2, 3, 11, 41, 4327
List the prime factors of 3939867677.
3939867677
List the prime factors of 25607089.
739, 34651
List the prime factors of 862877394.
2, 3, 227, 70393
What are the prime factors of 90031245?
3, 5, 6002083
What are the prime factors of 359851?
359851
What are the prime factors of 2714776332?
2, 3, 226231361
List the prime factors of 255271437.
3, 73, 388541
What are the prime factors of 94915040?
2, 5, 11, 199, 271
What are the prime factors of 1652671584?
2, 3, 1237, 4639
What are the prime factors of 37496862?
2, 3, 13, 160243
What are the prime factors of 720227634?
2, 3, 7, 3371, 5087
What are the prime factors of 674652633?
3, 17, 3557, 3719
What are the prime factors of 582901199?
101, 5771299
What are the prime factors of 144920430?
2, 3, 5, 1610227
What are the prime factors of 58894494?
2, 3, 17, 577397
List the prime factors of 1598350286.
2, 13, 97, 48751
List the prime factors of 53435011.
7, 19, 383, 1049
What are the prime factors of 27559827?
3, 3062203
What are the prime factors of 2298625569?
3, 47, 101, 173, 311
What are the prime factors of 17378372?
2, 11, 394963
List the prime factors of 12335451.
3, 4111817
List the prime factors of 33891670.
2, 5, 383, 8849
List the prime factors of 234499124.
2, 43, 1363367
What are the prime factors of 17487059?
131, 1019
What are the prime factors of 2631234168?
2, 3, 457, 79967
List the prime factors of 122392808.
2, 15299101
What are the prime factors of 1504727959?
7, 29, 139, 53327
List the prime factors of 1878588667.
227, 251, 32971
What are the prime factors of 13849249?
353, 39233
What are the prime factors of 195680532?
2, 3, 281, 58031
What are the prime factors of 42380337?
3, 17, 53, 15679
List the prime factors of 16667619.
3, 5555873
List the prime factors of 187961311.
239, 786449
What are the prime factors of 155068676?
2, 7, 5538167
List the prime factors of 201276918.
2, 3, 19, 588529
What are the prime factors of 91760943?
3, 239, 127979
What are the prime factors of 159763388?
2, 41, 974167
List the prime factors of 4758949148.
2, 43, 27668309
What are the prime factors of 159565023?
3, 1409, 12583
List the prime factors of 31878244.
2, 7969561
List the prime factors of 198140903.
331, 598613
What are the prime factors of 61568606?
2, 11, 523, 5351
What are the prime factors of 594865463?
67, 607, 14627
What are the prime fa